te the remainder when 8 is divided by 5*2/(-8)*-4.
3
Let w(i) = -i + 15. Calculate the remainder when 100 is divided by w(-19).
32
Let n(s) = s**2 + 4*s + 6. Calculate the remainder when 11 is divided by n(-4).
5
Let z(k) = -2*k**3 - 2*k**2 + k + 6. What is the remainder when 22 is divided by z(-2)?
10
What is the remainder when 5800/56 - (-6)/14 is divided by 28?
20
Let p be -3 - 2*(-3 - -2). Let b = 4 + p. Calculate the remainder when 6 is divided by b.
0
Let g be (2/(-4))/((-3)/24). Suppose 5*b - 159 = -g*p, -5*b + 191 - 20 = p. Let k(t) = 2*t**2 - 2*t. What is the remainder when b is divided by k(3)?
11
Suppose 5*r - 2*r - 116 = h, 4*r - 2*h = 158. Calculate the remainder when r is divided by (-65)/(-15)*3*1.
11
Suppose r - 133 = -4*a, 4*r = 2*a + r - 77. Calculate the remainder when a is divided by 12.
10
Let c(v) = v**3 - 7*v**2 - v + 10. Let m be c(7). Suppose -s = -m*s + 24. Calculate the remainder when 34 is divided by s.
10
Suppose -9*a = -4*a - 65. What is the remainder when 62 is divided by a?
10
Let c be 27/(0 - (-3)/4). Suppose -2*z - c = -110. Let y(k) = 3*k - 11. What is the remainder when z is divided by y(8)?
11
Let x be -1 - (-1)/((-3)/168). Let u = x - -106. Suppose y = -1 + 18. What is the remainder when u is divided by y?
15
Suppose 3*z + 124 - 478 = 0. Calculate the remainder when z is divided by -1 + -1 - (9 - -279)/(-9).
28
Suppose -68 = -4*k - 8. Let l = -49 + 76. Calculate the remainder when l is divided by k.
12
Suppose 0 = 2*h - 6 - 4. Let m = h + 3. Calculate the remainder when m is divided by 3.
2
Let o(j) = j**3 - 4*j**2 - 2. Let v be o(5). Suppose v = 5*l - 37. Calculate the remainder when 46 is divided by l.
10
Suppose 5*a + 3*q - 5 = 9, -a = 4*q - 13. What is the remainder when 3 is divided by a?
0
Let o(w) = w**3 - 10*w**2 - 11*w + 1. Let p be o(11). Let y = 6 + p. Calculate the remainder when 26 is divided by y.
5
Suppose 22 = 3*v - 5. Suppose 4*y + 65 = -115. Let f = y + 71. What is the remainder when f is divided by v?
8
Let p(s) = s**3 - 4*s**2 - 3*s + 4. Suppose 0 = -2*n - 3*n. Suppose 3*h - 2*t = 167, n*h - 2*t = -4*h + 220. What is the remainder when h is divided by p(5)?
11
Suppose -4*m = 3*m - 98. What is the remainder when m is divided by 5?
4
Suppose 0 = -20*m + 262 - 82. What is the remainder when 32 + ((-1)/1 - 1) is divided by m?
3
Let x(a) = -a - 7. Let r be x(-11). Let k be r/(-8) + (-86)/(-4). Calculate the remainder when 118/3 + 14/k is divided by 14.
12
Let d(p) = p**2 + 8*p - 11. Let b(z) = 5*z**2 - z + 1. What is the remainder when d(5) is divided by b(2)?
16
What is the remainder when 55 is divided by 4/(-6)*(1 - 13)?
7
Let r(z) = -z**2 - 4*z. Let w be r(-4). Suppose 0 = -2*f - w*f. Calculate the remainder when (f - -2) + (-33)/(-1) is divided by 18.
17
Let a be 4 + -4 - (-4)/(-2). Let x = -2 + 1. What is the remainder when 27 is divided by (-14)/a*(1 - x)?
13
Let n = 41 + -19. Let k(o) = 2*o**3 - o**2 - o - 2. Suppose 0*q = -q + 5*j + 2, q - j - 2 = 0. What is the remainder when n is divided by k(q)?
6
Suppose -5*c - a = -1, 0*c + 3*c = 2*a + 11. Let j be 1*c*(-21)/3. What is the remainder when 12 is divided by (j/1)/(1/(-1))?
5
Let c(x) = 2*x - 23. Calculate the remainder when 1 is divided by c(12).
0
Calculate the remainder when 22 is divided by 0/(-2) + 2 + 4.
4
What is the remainder when 43 is divided by -5*((0 - 1) + -2)?
13
Let p(z) = z**3 + z**2 + z + 38. Let h = 71 - 51. What is the remainder when p(0) is divided by h?
18
Suppose -2*a - v = -23, a + 4*v + 77 = 6*a. Calculate the remainder when 110/3 - (-1)/3 is divided by a.
11
Suppose 5*m - 106 = -21. What is the remainder when 2 - (3 - (-2 + 3)) - -33 is divided by m?
16
Let g(z) = 3*z - 1. Let v(t) = t**3 + 4*t**2 - 6*t + 3. Let x be v(-5). What is the remainder when g(x) is divided by 12/(3 + -5 - -3)?
11
Let z = 14 + -12. Suppose 0 = -z*f - 3*f + 280. Calculate the remainder when f is divided by 19.
18
Let g be (-1 - -3)*(-2)/(-4). Suppose g = 5*m - 19. Suppose 56 + 44 = m*a. What is the remainder when a is divided by 9?
7
Calculate the remainder when (-109)/(-4) + 7/(-28) is divided by 7.
6
Suppose 2*o - 248 = -2*o. Let x(g) be the third derivative of 7*g**4/24 + g**3/3 - g**2. What is the remainder when o is divided by x(2)?
14
Let v(c) = -c + 13. Suppose -21 = -t + 15. Calculate the remainder when t is divided by v(0).
10
Let o = -2 + 2. Suppose 0 = -3*t - o*x + x + 31, 5*x + 34 = 4*t. Let b = 19 - t. Calculate the remainder when 14 is divided by b.
6
Let w be (-1)/(-3 + 10/4). Suppose 23 + 23 = w*d. Calculate the remainder when d is divided by 13.
10
Suppose w + 3*w = -16, -5*w - 1 = h. Suppose h = -2*s + 75. Let l = s - 12. What is the remainder when 46 is divided by l?
14
Let y = -13 - -7. Let m be 42/(-8)*16/(-6). Let q = m - y. Calculate the remainder when 59 is divided by q.
19
What is the remainder when -20*(15/(-6) - -1) is divided by 8?
6
Let r(l) be the first derivative of 3*l**2 - 8*l - 3. What is the remainder when r(6) is divided by 6?
4
Let n(s) = s**3 + 10*s**2 + 2*s + 7. Calculate the remainder when n(-4) is divided by 33.
29
Let y(z) = -z**3 - 3*z**2 + 2*z - 2. Let b = 3 + -7. Calculate the remainder when 6*-1*(-10)/4 is divided by y(b).
3
Let x(y) = 13*y - 1. Let b = 45 + -22. Calculate the remainder when b is divided by x(1).
11
Suppose -3*a + 3*m + 20 = -199, 2*m + 8 = 0. Calculate the remainder when a is divided by 12.
9
Let q = -35 + 52. What is the remainder when q is divided by 7?
3
Let r = -1 + 3. Let x(a) = -2 - 16*a + 16*a + 16*a. What is the remainder when x(r) is divided by 16?
14
Suppose p + 4*p - 3*c - 517 = 0, 291 = 3*p + 3*c. Calculate the remainder when p is divided by 26.
23
Let y(k) = -k**3 + 10*k**2 - 3*k - 20. What is the remainder when y(6) is divided by 18?
16
Suppose -1 = m + 1. Let d(k) = -10*k + 1. Let b(t) = 39*t - 3. Let u(n) = -4*b(n) - 15*d(n). What is the remainder when u(m) is divided by 5?
4
Let j(r) = -r**2 + 13*r + 2. Calculate the remainder when 61 is divided by j(10).
29
Suppose -83 = -3*k + 22. What is the remainder when k is divided by 10?
5
Let j = 1 + -3. What is the remainder when (-45)/j + (-1)/2 is divided by 8?
6
Suppose 3*u = 14 + 46. Suppose -2*h + 4 = -h. Suppose -25 = -5*t, -k = h*t - 38 - 41. What is the remainder when k is divided by u?
19
Let r(h) = 6 + 4 - 2*h - 6 + h + h**3 + 5*h**2. Calculate the remainder when 24 is divided by r(-5).
6
Let u(o) = 23*o + 11. Calculate the remainder when u(4) is divided by 26.
25
What is the remainder when (-20 - 1)*(-2 + 0) is divided by 17?
8
Let v(b) = -b**3 - b**2 - b - 4. Let g be v(0). Let y = 5 - g. Calculate the remainder when (-6)/y + (-71)/(-3) is divided by 6.
5
Let i(g) = 3*g**2 - 5*g - 11. Calculate the remainder when i(5) is divided by 10.
9
Suppose 0 = 4*l - h - 40, -5*h - 17 - 18 = -5*l. What is the remainder when l is divided by -1 + 8/2 - -1?
3
Let z(a) = -4*a - 11. Suppose 5*y - 61 = 9. What is the remainder when z(-13) is divided by y?
13
Suppose -3*d + d = 4*h - 128, 5*d - 278 = 4*h. Suppose -z = -19 - 21. Let c = d - z. Calculate the remainder when 52 is divided by c.
16
Let j = 2 - -14. Suppose 8 + 19 = 3*g. What is the remainder when j is divided by g?
7
Let l(z) = z**3 + 4*z**2 + 3*z - 6. Let a be l(-5). Let k = 98 + a. Let f(q) = q**3 - 17*q**2 + 18*q - 5. What is the remainder when k is divided by f(16)?
25
Let f = -87 + 97. Let l(o) = 3*o - 3. Calculate the remainder when f is divided by l(2).
1
Let s be 8 - (0/(-3) + 2). Let p(y) = y**2 - 2*y + 5. Calculate the remainder when p(s) is divided by 8.
5
Suppose o - 10 = 3*o, 29 = 4*f - 5*o. Let y = 15 - f. Calculate the remainder when 26 is divided by y.
12
Let c(l) = l**3 - 13*l**2 + 19. Suppose -3*p + 0*p = -21. Calculate the remainder when c(13) is divided by p.
5
Let g be (1/(-2))/(2/(-480)). Suppose -5*u - 4*z = -184 + 34, -4*u = 4*z - g. Calculate the remainder when u is divided by (-45)/(-4) - 18/72.
8
Let q = 92 - 132. Calculate the remainder when 63 is divided by (-10)/q - 63/(-4).
15
Let g = -56 + 354. Let x be g/5 - (-4)/10. Suppose a + a - x = -2*v, 4*a - 125 = v. Calculate the remainder when a is divided by 11.
9
Suppose -3*s - 28 = s. Let l = s + 12. What is the remainder when l is divided by 1/5 + 36/20?
1
Let u(g) = -g**2